?
41
Let g = 202 - 197. Suppose -3*r + v = g*v - 1180, -5*r + 3*v + 1986 = 0. List the prime factors of r.
2, 3, 11
Let q be (-6)/(-15) + 10/(-25). Let m(y) = -7 + q*y**2 - y**2 + 0*y**2 - 26*y + 14. List the prime factors of m(-21).
2, 7
Let a = -2571 + 4190. What are the prime factors of a?
1619
What are the prime factors of ((-164)/(-205))/((-2)/(-40605))?
2, 3, 2707
Let i(q) = 4*q**3 + 21*q**2 + 32*q + 14. Let a(w) = 5*w**3 + 22*w**2 + 32*w + 16. Let b(o) = 3*a(o) - 4*i(o). What are the prime factors of b(-17)?
13, 19
Let d(o) be the second derivative of 35*o**3/6 + 197*o**2/2 + 61*o - 2. List the prime factors of d(35).
2, 3, 79
Suppose -8*l + 16 = -0*l. Suppose -75 = -l*b + 215. Suppose 37*p = 32*p + b. What are the prime factors of p?
29
Suppose -4*h - 2*d + 1202 = 0, -2*h + 5*d + 595 = -0*h. Let t be 2/13 + 445/65 + -4. Suppose -5 = q, h = -t*m + 4*q + 1025. What are the prime factors of m?
5, 47
Suppose 325380 = 38*l - 268332. List the prime factors of l.
2, 3, 7, 31
Suppose -4*z = 20 - 60. Suppose -9464 = -z*n - 4*n. List the prime factors of n.
2, 13
Let d = -20732 + 38385. What are the prime factors of d?
127, 139
Let j(x) = 4 + 2*x**2 - 5 - 5*x + 3 + 22*x. Let u(y) = y**3 + 13*y**2 - 11. Let n be u(-13). List the prime factors of j(n).
3, 19
Suppose -13*i - 5 = -12*i, 6065 = 3*l - 4*i. List the prime factors of l.
5, 13, 31
Let g = -14196 - -32410. What are the prime factors of g?
2, 7, 1301
Let y(t) = 10*t**2 + 97*t + 4130. List the prime factors of y(-32).
2, 43, 131
Let o(g) = 18*g + 148. Let z(a) = a**2 - a. Let n be z(0). What are the prime factors of o(n)?
2, 37
Let k be 6/10 + (-148821)/(-565). Suppose 3*m - 12 = i + 2*i, 2*i = -8. Suppose 9*v - 15*v + k = m. List the prime factors of v.
2, 11
Suppose 0 = 10*p - 174329 + 67989. What are the prime factors of p?
2, 13, 409
Let s be (25/10)/(4/16). Suppose -w = -3 - s. List the prime factors of 349/w + 20/130.
3
Suppose -13*u = -3*u - 50. Suppose 4*d = u*d + 39. Let w = -36 - d. What are the prime factors of w?
3
Suppose -4*c + 100 = 21*c. Suppose 3*x - c*h = -0*x + 621, -x + 2*h = -209. List the prime factors of x.
7, 29
Let w(s) = -10*s + 1. Let p(r) = r. Let o(d) = -4*p(d) + 2*w(d). Let j be o(1). List the prime factors of (-4)/j - (-2262)/22.
103
Let x(r) be the third derivative of -19*r**4/12 - 3*r**3 - r**2. Suppose -35*w - 52*w = 522. What are the prime factors of x(w)?
2, 3, 5, 7
Suppose -2*q = -5*s + 24174, -4*s + 19332 = 119*q - 123*q. List the prime factors of s.
2, 3, 13, 31
Let u(p) = -p**3 - 6*p**2 + 172*p + 348. List the prime factors of u(-35).
3, 31, 107
Let p(u) = 22*u + 84. Let f(d) = -11*d - 42. Let s(z) = -5*f(z) - 2*p(z). What are the prime factors of s(26)?
2, 41
Suppose -2*i = -3*j, 5*i + 3*j - 6*j = 0. Suppose -132*n + 142*n - 1280 = i. List the prime factors of n.
2
Let r(k) = k**3 + 8*k**2 + 2*k + 18. Let u = -7 - 1. Let n be r(u). Suppose f = -n*q + 305, 4*f - 3*f + 3 = 0. What are the prime factors of q?
2, 7, 11
What are the prime factors of (99906/8)/(114/(-80) + 207/115)?
2, 16651
Suppose 69*m - 158528 = 531410 + 2756474. List the prime factors of m.
2, 12487
Suppose -74*k = 65*k - 142*k + 14088. List the prime factors of k.
2, 587
Let p be (4 + -2)*(-18)/4. Let c(q) = 6*q - 8. Let m be c(p). What are the prime factors of 5/((-220)/(-8)) + m/(-22)?
3
Suppose -2301833 = -158*l + 1631103. List the prime factors of l.
2, 7, 127
Suppose -4*j + c - 727 - 535 = 0, -5*j + c - 1577 = 0. Let r = j + 484. List the prime factors of r.
13
Let j(a) = -15*a**3 - 11*a**2 + 19*a - 55. What are the prime factors of j(-7)?
2, 47
What are the prime factors of ((-20859)/(-17))/(4/(-2 - -46))?
3, 11, 409
Let y(f) = f**3 + 9*f**2 + 12*f - 6. Let l be y(-13). Let q = l - -1280. Let m = -270 + q. List the prime factors of m.
2, 43
Let z(i) be the first derivative of 1/2*i**2 + 18 + 12*i. List the prime factors of z(20).
2
Suppose 0 = 19*f - 16483 - 25868. List the prime factors of f.
3, 743
List the prime factors of (-6)/40 - (-188121220)/2800.
2, 7, 4799
Let c = -29948 + 54332. List the prime factors of c.
2, 3, 127
Suppose -559 = -12*w - 1711. Let t = -425 - -627. Let f = w + t. List the prime factors of f.
2, 53
Let g(u) = -1345*u - 10852. List the prime factors of g(-13).
3, 11, 67
What are the prime factors of (106995/12)/(33/(-60) + 4/5)?
5, 7, 1019
Suppose 7*z - 28 = -0*z. What are the prime factors of (0 + -3)/(6 - z)*-110?
3, 5, 11
Suppose 2 = 3*p - p, 4*o = -2*p + 54910. List the prime factors of o.
7, 37, 53
What are the prime factors of (-7 + 22614/(-18))*12/(-10)?
2, 379
Suppose -l + 6799 = 2*a, -4*a - 5 = 3. What are the prime factors of l?
6803
Let n(f) = 3*f - 51. Let c be n(19). Let x(t) be the second derivative of 7*t**4/12 - 29*t**3/6 + t**2/2 + 11*t. List the prime factors of x(c).
79
Let t(h) = -27*h - 4. Let z(a) = a**2 - 9*a + 10. Let p be z(9). Let c be (-2)/((p/3)/5). List the prime factors of t(c).
7, 11
Let p be (2 - (-3165 - 5) - 4)*1. Suppose 22*v + p = 28*v. List the prime factors of v.
2, 3, 11
Let r = 507 - 431. List the prime factors of 9/(-3) + 2 + r.
3, 5
Let x be (-369 + -1)*(-9 - (-72)/9). Suppose 8*z - x = 7*z. What are the prime factors of z?
2, 5, 37
Let b = -35 - -64. Let v be (-1 - 11)/2*(-70)/5. Let j = v - b. What are the prime factors of j?
5, 11
Let z(k) = 4*k**2 + 3*k - 2. Let w be z(-3). Suppose 1480 = 27*q - w*q. List the prime factors of q.
2, 5, 37
Suppose -3*i - 18813 = -3*q, 5*q - i - 33730 = -2371. What are the prime factors of q?
2, 7
Let u = 24112 - 10776. List the prime factors of u.
2, 1667
What are the prime factors of 1098340/60 - (4 + (-26)/6)?
2, 3, 113
Let h = 10 - 8. Let a be (1 + (5 - h))*-1. What are the prime factors of -4 - (-44 + 2) - a?
2, 3, 7
Let z(j) = 4*j - 22. Let x be z(17). Let o = x + -43. List the prime factors of -4 - -11 - o - -16.
2, 5
Let q(u) = -u. Let w be q(-9). What are the prime factors of ((-6)/(-8) + -1)*(-7 - w)?
2
Suppose -28 = z - 3*z. Suppose -4*y - 874 = -5*u, 5*y - z - 6 = 0. Let o = -82 + u. What are the prime factors of o?
2, 3
Suppose 5948491 = 1093*o - 758*o - 7644134. What are the prime factors of o?
3, 5, 541
What are the prime factors of ((-10386)/10)/((-261)/870)?
2, 3, 577
Suppose 40274 = -14*j + 15*j - 5*v, -5*j = 4*v - 201254. List the prime factors of j.
2, 3, 6709
Let c(d) = -15*d**2 + 41*d - 62. Let q(m) = -22*m**2 + 62*m - 93. Let g(v) = 7*c(v) - 5*q(v). What are the prime factors of g(20)?
1571
Suppose -58*u + 267784 = -14*u. What are the prime factors of u?
2, 17, 179
Let d(y) = -2*y**3 + 7*y**2 - 9*y - 9. Let b(g) = -2*g**3 + 8*g**2 - 9*g - 8. Let f(s) = -6*b(s) + 5*d(s). List the prime factors of f(8).
3, 89
Let g = -20 - -177. Suppose 92*l - g = 91*l. List the prime factors of l.
157
Suppose -5*r + 3292 = o - 1547, -4*r = 3*o - 14550. List the prime factors of o.
2, 3, 809
Let g = 43 - 54. Let m = 97 - g. Suppose -3*t - m = -f + 5, -t = -3*f + 307. What are the prime factors of f?
101
Suppose 6191 = -42*t + 80195. List the prime factors of t.
2, 881
Suppose -164*s = -173*s - 2943. Let j = s - -982. What are the prime factors of j?
5, 131
Suppose 0 = -58*m + 54*m + 516. Let a = m + 282. List the prime factors of a.
3, 137
Let h = 80 + 436. List the prime factors of 0 + 5 - (1 - h).
2, 5, 13
Let u(b) be the third derivative of 27*b**4/8 + 44*b**3/3 + 3*b**2 + 14*b. List the prime factors of u(2).
2, 5
Let k(o) = -53*o + 2 - 2 + 54*o. Let w be k(-13). What are the prime factors of (w/3 + (-1)/1)*-6?
2
Let v = 98 + 36. Suppose -v = -9*m - 35. List the prime factors of m.
11
Let j = -2194 - -2283. What are the prime factors of j?
89
Let r(o) = -132*o + 71. Suppose 0 = 4*m + 66 - 58. List the prime factors of r(m).
5, 67
Let k be 13 + -13 + 3687/3. Suppose 3*y - 5*x - 5231 + k = 0, -5310 = -4*y - 2*x. List the prime factors of y.
3, 443
Let b(i) = 140*i**2 - 119*i + 1117. What are the prime factors of b(8)?
5, 73
What are the prime factors of ((-6)/(-9))/(((-40)/(-18522))/10)?
3, 7
Suppose -3*m = -5*u - 96, -m - 66 = -0*u + 3*u. Let k be (u - -5)/(2/(4*9)). Let c = -174 - k. What are the prime factors of c?
2, 3, 19
Suppose 4*l + 4*c = 1400, 3*l - c = 3*c + 1064. Suppose 0 = 3*d + 2*u + l, 4*d - 3*u + 454 = 2*u. Let m = d - -240. What are the prime factors